atest common factor of 20940 and 60?
60
What is the highest common factor of 400 and 2150?
50
What is the highest common divisor of 136 and 1870?
34
Calculate the highest common factor of 455 and 260.
65
What is the greatest common factor of 3 and 673?
1
What is the greatest common factor of 129 and 8772?
129
Calculate the greatest common divisor of 296 and 24.
8
Calculate the highest common factor of 9 and 36.
9
What is the greatest common divisor of 120 and 4905?
15
Calculate the greatest common divisor of 72 and 552.
24
What is the greatest common factor of 112 and 35?
7
What is the highest common divisor of 1810 and 10?
10
Calculate the highest common factor of 470 and 10.
10
What is the greatest common factor of 22606 and 508?
254
What is the greatest common factor of 114 and 3078?
114
Calculate the highest common divisor of 179 and 35.
1
What is the highest common factor of 256 and 16?
16
What is the highest common divisor of 1269 and 987?
141
What is the highest common factor of 12 and 2028?
12
Calculate the greatest common factor of 111 and 2775.
111
What is the highest common divisor of 720 and 99?
9
What is the highest common divisor of 16 and 1936?
16
What is the highest common factor of 272 and 8432?
272
Calculate the highest common factor of 7 and 63.
7
Calculate the highest common divisor of 12 and 9.
3
Calculate the highest common divisor of 1268 and 4.
4
What is the greatest common factor of 57 and 513?
57
What is the greatest common factor of 51 and 9?
3
Calculate the greatest common divisor of 13303 and 159.
53
What is the highest common factor of 2174 and 2?
2
Calculate the highest common divisor of 13 and 1781.
13
What is the greatest common factor of 7 and 175?
7
Calculate the highest common factor of 2644 and 8.
4
Calculate the greatest common divisor of 9114 and 744.
186
Calculate the greatest common divisor of 1806 and 14.
14
Calculate the greatest common divisor of 99 and 3.
3
What is the greatest common divisor of 52 and 624?
52
Calculate the greatest common divisor of 4927 and 39.
13
Calculate the greatest common divisor of 24 and 152.
8
What is the greatest common factor of 17 and 2176?
17
Calculate the greatest common factor of 1719 and 1337.
191
What is the highest common divisor of 58 and 203?
29
Calculate the highest common factor of 117 and 18.
9
Calculate the highest common factor of 99 and 176.
11
Calculate the highest common divisor of 55 and 9405.
55
What is the highest common divisor of 1383 and 6?
3
Calculate the greatest common divisor of 285 and 4047.
57
What is the greatest common factor of 114 and 1767?
57
What is the highest common divisor of 6604 and 52?
52
What is the highest common divisor of 135 and 720?
45
Calculate the greatest common factor of 54 and 114.
6
Calculate the greatest common divisor of 92089 and 17.
17
Calculate the greatest common factor of 5626 and 194.
194
What is the greatest common factor of 1376 and 43?
43
Calculate the greatest common factor of 275 and 440.
55
What is the greatest common factor of 98 and 231?
7
Calculate the greatest common divisor of 58919 and 133.
133
Calculate the greatest common divisor of 1443 and 39.
39
Calculate the greatest common divisor of 105 and 14.
7
Calculate the highest common factor of 13 and 377.
13
Calculate the greatest common factor of 24 and 1032.
24
What is the highest common factor of 20041 and 49?
49
What is the greatest common factor of 205 and 41?
41
What is the greatest common divisor of 1 and 5?
1
Calculate the greatest common divisor of 18 and 711.
9
Calculate the greatest common factor of 119 and 17.
17
Calculate the highest common factor of 176 and 384.
16
What is the highest common factor of 352 and 77?
11
What is the highest common divisor of 2 and 1321?
1
Calculate the greatest common divisor of 243 and 12.
3
Calculate the greatest common factor of 12177 and 54.
27
What is the highest common divisor of 68 and 340?
68
Calculate the greatest common divisor of 16 and 69808.
16
Calculate the greatest common divisor of 273 and 42.
21
Calculate the highest common divisor of 76 and 418.
38
What is the greatest common factor of 104 and 1378?
26
What is the greatest common divisor of 10526 and 831?
277
Calculate the greatest common divisor of 3258 and 486.
18
What is the greatest common factor of 31897 and 191?
191
Calculate the highest common factor of 266 and 28.
14
Calculate the greatest common divisor of 1800 and 8.
8
What is the highest common factor of 3441 and 93?
93
What is the greatest common factor of 264 and 87384?
264
Calculate the highest common divisor of 81 and 1863.
81
Calculate the highest common factor of 9 and 4374.
9
What is the highest common divisor of 130 and 40?
10
Calculate the greatest common factor of 1728 and 27.
27
Calculate the highest common divisor of 75 and 480.
15
Calculate the greatest common factor of 624 and 78.
78
Calculate the highest common factor of 102 and 2091.
51
Calculate the greatest common factor of 16 and 512.
16
What is the highest common divisor of 11390 and 10?
10
What is the highest common factor of 4348 and 4?
4
What is the highest common divisor of 506 and 46?
46
Calculate the greatest common factor of 204 and 21.
3
Calculate the highest common factor of 16129 and 254.
127
What is the highest common divisor of 737 and 469?
67
What is the greatest common factor of 77 and 1925?
77
Calculate the highest common factor of 861 and 1476.
123
What is the highest common factor of 58 and 29?
29
Calculate the greatest common factor of 342 and 57.
57
Calculate the greatest common factor of 105 and 1827.
21
What is the greatest common divisor of 138 and 12?
6
Calculate the highest common factor of 40 and 135.
5
What is the greatest common divisor of 29 and 261?
29
What is the highest common factor of 357 and 273?
21
What is the greatest common factor of 4580 and 35?
5
Calculate the highest common factor of 73 and 5.
1
Calculate the greatest common divisor of 60 and 4884.
12
Calculate the greatest common divisor of 2020 and 10.
10
What is the greatest common factor of 50 and 475?
25
What is the greatest common divisor of 7 and 7?
7
What is the greatest common factor of 1638 and 252?
126
What is the highest common divisor of 48 and 54?
6
Calculate the highest common divisor of 53 and 37.
1
What is the greatest common factor of 456 and 1539?
57
What is the highest common factor of 180 and 36?
36
Calculate the greatest common divisor of 159 and 530.
53
Calculate the greatest common factor of 377 and 117.
13
What is the greatest common factor of 1420 and 40?
20
Calculate the highest common divisor of 248 and 4588.
124
What is the greatest common divisor of 100 and 425?
25
Calculate the greatest common divisor of 47 and 7097.
47
What is the greatest common divisor of 242 and 418?
22
What is the greatest common factor of 5124 and 84?
84
What is the highest common factor of 36 and 168?
12
Calculate the greatest common divisor of 3794 and 14.
14
What is the greatest common divisor of 5973 and 22?
11
What is the highest common factor of 388 and 873?
97
What is the greatest common divisor of 135 and 1665?
45
What is the highest common divisor of 165 and 3597?
33
Calculate the highest common factor of 16 and 10256.
16
What is the greatest common divisor of 780 and 507?
39
Calculate the greatest common factor of 12 and 1119.
3
Calculate the highest common divisor of 70 and 175.
35
Calculate the highest common factor of 296 and 12.
4
Calculate the greatest common factor of 2456 and 72.
8
Calculate the greatest common factor of 1176 and 48.
24
Calculate the greatest common divisor of 96 and 384.
96
What is the greatest common divisor of 1120 and 105?
35
Calculate the highest common factor of 120 and 4490.
10
Calculate the highest common factor of 47 and 235.
47
What is the highest common factor of 28 and 182?
14
Calculate the greatest common divisor of 230 and 322.
46
Calculate the greatest common divisor of 80 and 1280.
80
What is the greatest common divisor of 72 and 16?
8
Calculate the greatest common divisor of 910 and 65.
65
What is the greatest common factor of 30 and 42?
6
Calculate the highest common divisor of 270 and 837.
27
Calculate the greatest common divisor of 39 and 429.
39
What is the g